of 180396576 and 36?
36
Calculate the highest common divisor of 243673822 and 161.
161
Calculate the highest common divisor of 98746 and 14325296.
1018
What is the highest common factor of 110240 and 203785?
265
Calculate the greatest common divisor of 101396 and 2.
2
Calculate the greatest common divisor of 161140 and 34524.
28
Calculate the highest common factor of 1585 and 1458.
1
Calculate the greatest common divisor of 197789638 and 13891.
479
What is the greatest common factor of 542265 and 1815?
15
What is the highest common factor of 18261907 and 361?
361
What is the greatest common factor of 113195868 and 36?
12
What is the greatest common divisor of 2376 and 664389?
297
Calculate the highest common divisor of 7202 and 268136.
554
Calculate the highest common factor of 2 and 76806717.
1
What is the greatest common factor of 244528 and 347140?
68
What is the highest common divisor of 80806 and 76934?
22
Calculate the greatest common factor of 10956 and 11901868.
3652
What is the highest common divisor of 48 and 6148688?
16
Calculate the greatest common factor of 69104 and 169876.
28
Calculate the greatest common factor of 331733923 and 349.
349
What is the greatest common factor of 282 and 131634?
6
Calculate the highest common factor of 72 and 179323104.
24
What is the greatest common divisor of 333 and 80730738?
9
What is the greatest common divisor of 2776 and 11500?
4
What is the greatest common divisor of 265705008 and 24?
24
Calculate the greatest common factor of 2599118 and 16596.
922
Calculate the highest common factor of 2620636 and 370.
74
Calculate the greatest common factor of 844482 and 6573030.
8706
What is the highest common divisor of 6164 and 974716?
268
What is the highest common divisor of 870200 and 24961?
229
Calculate the highest common divisor of 1421 and 5463549.
49
Calculate the greatest common divisor of 15 and 2241540.
15
What is the highest common divisor of 2552 and 252880?
232
Calculate the greatest common factor of 44 and 37839054.
22
What is the highest common factor of 10938 and 241842826?
3646
What is the highest common factor of 76082130 and 45?
45
What is the highest common factor of 171 and 91574547?
57
Calculate the highest common divisor of 48945010 and 6140.
3070
Calculate the greatest common divisor of 158700 and 11896152.
6348
Calculate the highest common factor of 4996996 and 2180.
436
Calculate the highest common factor of 43350201 and 108.
27
What is the highest common factor of 30740096 and 16?
16
Calculate the highest common divisor of 3363784524 and 324.
324
Calculate the greatest common divisor of 28 and 36895516.
28
Calculate the highest common factor of 3083431 and 66105.
1469
Calculate the highest common divisor of 2933672 and 2296.
56
Calculate the greatest common divisor of 87666 and 15371.
19
What is the highest common divisor of 4425816 and 1944?
24
What is the highest common factor of 10304 and 2306704?
16
Calculate the greatest common factor of 17 and 276900131.
17
Calculate the greatest common divisor of 918 and 11850921.
459
Calculate the greatest common factor of 3720690 and 90.
90
What is the highest common divisor of 3908828 and 34496?
2156
What is the highest common divisor of 27 and 354532806?
9
Calculate the highest common divisor of 353371 and 31040.
97
Calculate the greatest common factor of 364 and 1155938.
14
What is the highest common divisor of 50927954 and 1309?
1309
What is the highest common factor of 308 and 2096479?
77
Calculate the highest common factor of 280 and 6241880.
40
What is the greatest common factor of 127152 and 91296?
144
What is the highest common divisor of 330414 and 448?
14
What is the greatest common divisor of 143471823 and 2805?
561
Calculate the greatest common divisor of 96 and 4836656.
16
Calculate the greatest common divisor of 975 and 29808675.
975
Calculate the highest common factor of 588 and 125168106.
42
What is the highest common divisor of 69273512 and 856?
856
What is the highest common divisor of 202554002 and 70?
14
What is the highest common divisor of 206952 and 6072?
24
What is the greatest common divisor of 5090 and 114183970?
5090
What is the greatest common factor of 507068 and 57007?
109
Calculate the greatest common divisor of 1135466 and 1450.
58
Calculate the highest common divisor of 148254222 and 11652.
5826
Calculate the highest common factor of 166528 and 1528675.
1301
Calculate the greatest common factor of 136 and 6818680.
8
What is the greatest common divisor of 22 and 26378341?
11
What is the highest common divisor of 44017992 and 64?
8
Calculate the greatest common divisor of 33 and 1306504045.
11
Calculate the greatest common divisor of 96 and 5900208.
48
Calculate the highest common factor of 703486 and 360136.
1526
Calculate the greatest common divisor of 302760 and 5742.
522
Calculate the highest common factor of 8920 and 3611160.
40
Calculate the highest common divisor of 1428 and 2380463148.
1428
Calculate the greatest common factor of 235 and 24191840.
235
What is the highest common divisor of 159770 and 16640?
130
What is the greatest common factor of 25185 and 465375?
1095
Calculate the greatest common divisor of 16370 and 502430.
10
What is the highest common divisor of 31130960 and 14?
14
What is the greatest common factor of 1422 and 277337400?
474
Calculate the greatest common divisor of 411117139 and 13836.
1153
What is the highest common factor of 1150460352 and 4656?
4656
Calculate the highest common divisor of 123283 and 568411.
1091
Calculate the highest common factor of 502565 and 251888.
1211
What is the greatest common divisor of 1743 and 1014885571?
581
Calculate the highest common factor of 27291 and 9737925.
2481
Calculate the highest common divisor of 793 and 94829423.
13
What is the greatest common factor of 90047416 and 8?
8
What is the highest common factor of 9 and 1231548993?
9
Calculate the highest common divisor of 9448578 and 1206.
18
Calculate the greatest common factor of 310 and 3567380.
10
Calculate the greatest common factor of 6625269 and 72.
9
What is the greatest common divisor of 247040 and 164800?
320
Calculate the highest common factor of 9726 and 17116139.
1621
What is the highest common divisor of 638 and 292930?
22
Calculate the highest common factor of 7232 and 35210800.
1808
Calculate the highest common divisor of 220 and 381122346.
22
What is the highest common factor of 30615327 and 133?
19
What is the highest common divisor of 19046682 and 30?
6
Calculate the highest common factor of 105 and 56520205.
35
What is the greatest common factor of 6081891 and 3?
3
What is the greatest common divisor of 1105320 and 3665?
5
What is the greatest common divisor of 8723364 and 234?
78
Calculate the highest common factor of 91277194 and 873.
97
Calculate the greatest common factor of 46374485 and 1845.
205
What is the greatest common factor of 1568 and 497546?
98
Calculate the greatest common factor of 4203655 and 133.
19
Calculate the highest common factor of 84595218 and 11439.
3813
What is the highest common factor of 620 and 48795550?
310
What is the highest common divisor of 709416 and 13109328?
4248
Calculate the greatest common factor of 145 and 560895815.
145
Calculate the highest common factor of 626926 and 6460.
34
Calculate the greatest common factor of 1827 and 193928220.
261
Calculate the highest common divisor of 373380 and 129556.
196
Calculate the highest common factor of 655942 and 140.
14
What is the greatest common divisor of 346629 and 5675?
227
What is the highest common factor of 56581 and 1153391?
59
Calculate the highest common divisor of 5901560 and 22540.
980
Calculate the highest common divisor of 368251 and 2873.
169
Calculate the greatest common factor of 98 and 10447334.
2
Calculate the greatest common divisor of 119287170 and 315.
45
What is the greatest common divisor of 49916794 and 326?
326
What is the greatest common factor of 221645 and 21340?
485
What is the greatest common divisor of 342696790 and 10?
10
Calculate the greatest common divisor of 1566113472 and 7.
7
Calculate the highest common divisor of 3303 and 2343060.
9
What is the highest common divisor of 1409397856 and 32?
32
Calculate the highest common divisor of 148